 h(i) = 2*i**2 + 2*i - 1. What is h(1)?
3
Let i(q) = -133*q + 1467. What is i(11)?
4
Let m(n) = -n. Determine m(-14).
14
Let u(h) = -2*h**2 + 14*h + 10. Determine u(8).
-6
Let t(p) = p**2 + 4*p - 8. Calculate t(-6).
4
Let p(l) = l**2 - 5*l - 2. Determine p(-1).
4
Let j(w) = 7*w**3 + w**2. Determine j(1).
8
Let s(c) = -c**3 + 13*c**2 - 16*c + 51. Give s(12).
3
Let d(w) = -5*w - 117. Calculate d(-13).
-52
Let o(t) = -16*t. Determine o(3).
-48
Let w(x) = -2*x + 20. Calculate w(0).
20
Let t(k) = -k + 22. Give t(8).
14
Let x(n) = 2*n**3 - 15*n**2 + 8*n - 10. Give x(7).
-3
Let v(h) = 25*h + 28. What is v(0)?
28
Let x(b) = b**2 - 27*b + 58. Determine x(25).
8
Let f(z) = 10*z - 50. Give f(5).
0
Let p(h) = h**2 + 7*h - 10. What is p(-8)?
-2
Let z(y) = y**2 + 1. Determine z(1).
2
Let m(o) = -o**2 - 5*o + 16. Calculate m(-8).
-8
Let m(j) = -j**2 - 22*j - 26. Determine m(-20).
14
Let b(r) = 2*r**3 + 3*r**2 + r + 3. Give b(-3).
-27
Let m(q) = -17*q + 78. Give m(6).
-24
Let k(q) = -q**3 - q - 1. Determine k(-4).
67
Let v(a) = -a**3 + 36*a**2 - 259*a - 7. Calculate v(10).
3
Let i(j) = -j**2 + 10*j - 13. Determine i(10).
-13
Let m(f) = f**2 + 5*f + 19. What is m(-7)?
33
Let s(b) = b**2 + 11*b + 20. Determine s(-8).
-4
Let t(q) = 5*q**2 - 3*q + 15. Determine t(3).
51
Let t(z) = -23*z - 49. Calculate t(-2).
-3
Let o(u) = -2*u**3 - u**2 - 13*u - 7. Calculate o(0).
-7
Let j(q) = 2*q - 44. Calculate j(24).
4
Let o(x) = -x + 3. Give o(-4).
7
Let x(y) = 25*y + 1254. Give x(-50).
4
Let c(n) = -n**2 - 10*n + 32. Determine c(3).
-7
Let p(w) = -4*w**2 + 6*w - 2. Give p(2).
-6
Let d(p) = p**2 - 22*p - 86. Determine d(26).
18
Let j(p) = 7*p - 32. Determine j(5).
3
Let f(l) = l + 11. Give f(-5).
6
Let y(m) = 5*m**2 + 55*m - 6. Determine y(-11).
-6
Let b(u) = -u**3 - 54*u**2 + 11*u + 593. Give b(-54).
-1
Let d(u) = u**2 - u - 7. Calculate d(3).
-1
Let i(t) = 4*t + 48. Determine i(-8).
16
Let d(p) = p**3 + 12*p**2 + 17*p + 10. What is d(-11)?
-56
Let n(y) = -18*y - 33. Determine n(-2).
3
Let h(u) = -61*u**2 + u. What is h(1)?
-60
Let y(s) = -11*s + 20. Calculate y(5).
-35
Let s(v) = -v**3 + 2*v**2 + 9*v - 4. Give s(4).
0
Let f(x) = -2*x**2 - 4*x + 4. What is f(1)?
-2
Let n(s) = -s**3 + 13*s**2 - 10*s - 25. Calculate n(12).
-1
Let y(d) = d**2 - 5*d - 14. Give y(8).
10
Let h(l) = -l**2 - 5*l + 5. What is h(-7)?
-9
Let v(a) = a**2 + 14*a + 10. What is v(-13)?
-3
Let o(s) = -18*s + 8. Determine o(-1).
26
Let b(j) = -j**2 + 12*j - 33. Calculate b(8).
-1
Let b(x) = -x**2 - 2*x - 2. Give b(1).
-5
Let v(m) = 4*m - 28. Give v(6).
-4
Let k(w) = 30*w + 14. Give k(-1).
-16
Let w(d) = d**2 + 9*d + 1. What is w(-6)?
-17
Let z(x) = x**3 - 6*x**2 - 9*x + 15. Calculate z(7).
1
Let s(d) = -d**2 - 10*d - 6. Give s(-9).
3
Let w(o) = -7*o - 42. Determine w(-9).
21
Let f(o) = 2*o + 59. Determine f(0).
59
Let w(m) = -m**2 - 9*m - 28. Determine w(-5).
-8
Let k(b) = b**2 + 108*b - 934. Give k(8).
-6
Let y(k) = 5*k - 65. Determine y(20).
35
Let w(m) = 11*m + 87. Determine w(-8).
-1
Let c(h) = 2*h**3 - 39*h**2 - 22*h + 55. Determine c(20).
15
Let j(n) = -2*n**2 - 56*n + 61. What is j(-29)?
3
Let r(q) = -53*q + 154. Calculate r(3).
-5
Let h(s) = 9*s**2 + 2*s - 3. Give h(-2).
29
Let h(v) = 2*v**2 - 7*v + 10. Determine h(5).
25
Let b(f) = 2*f**2 - 22*f - 142. What is b(16)?
18
Let n(x) = -x**3 + 12*x**2 - 2*x + 17. Give n(12).
-7
Let c(a) = 34*a - 14. Give c(3).
88
Let r(h) = -4*h**3 - 6*h**2 + 9*h - 4. Give r(1).
-5
Let i(q) = q**2 + 14*q + 30. What is i(-13)?
17
Let m(c) = -7*c**2 - 47*c - 3. Calculate m(-7).
-17
Let k(h) = 10*h + 42. Give k(-5).
-8
Let t(u) = -u - 17. Determine t(-14).
-3
Let s(d) = -d**2 - 55*d + 497. What is s(-63)?
-7
Let k(v) = v**2 - 20*v + 7. What is k(16)?
-57
Let j(q) = -q**2 + 2*q + 4. What is j(-1)?
1
Let b(o) = -o**3 - 30*o**2 - 224*o + 11. Determine b(-16).
11
Let z(b) = 2*b**3 + 5*b**2 - 3*b. Determine z(-4).
-36
Let f(m) = -m**3 - 2*m**2 + 2*m + 2. What is f(-4)?
26
Let v(h) = -17*h**2 + 2*h + 2. Give v(-2).
-70
Let i(o) = 6*o**2 - o + 4. Determine i(-3).
61
Let l(o) = -4*o - 13. Give l(-12).
35
Let z(p) = -6*p**3 + 27*p - 27. What is z(1)?
-6
Let l(n) = 4*n**3 - n - 1. What is l(-1)?
-4
Let v(y) = -7*y - 1. What is v(-5)?
34
Let z(t) = -6*t + 2. What is z(-2)?
14
Let v(b) = -11*b + 93. Calculate v(13).
-50
Let j(g) = -2*g - 13. Give j(-11).
9
Let p(r) = -3*r + 5. Calculate p(4).
-7
Let a(v) = 15*v + 141. What is a(-10)?
-9
Let u(s) = 2*s**2 - 38*s + 22. Determine u(18).
-14
Let i(p) = p**2 + 11*p + 29. Give i(-5).
-1
Let r(w) = -3*w**3 + 2*w**2 - w. Calculate r(1).
-2
Let b(l) = -2*l**3 - 7*l**2 - 5*l + 4. Give b(-3).
10
Let z(k) = -k**2 - 11*k + 12. Determine z(-12).
0
Let g(n) = 2*n**3 + 36*n**2 - 3*n - 61. Determine g(-18).
-7
Let r(l) = -13*l**2 + 237*l - 61. Calculate r(18).
-7
Let v(a) = 6*a + 16. Calculate v(-8).
-32
Let r(w) = w - 4. What is r(-4)?
-8
Let b(l) = 53*l - 8. Determine b(1).
45
Let i(u) = 3*u + 13. Determine i(-12).
-23
Let m(k) = -k**2 + k - 1. What is m(0)?
-1
Let s(u) = -u**2 + 13*u - 9. What is s(15)?
-39
Let v(n) = -3*n - 3. Give v(-3).
6
Let f(r) = -r - 23. Determine f(-18).
-5
Let h(n) = -n**3 + 9*n**2 - 16*n - 17. Calculate h(5).
3
Let r(p) = p**2 - 23*p - 251. Give r(31).
-3
Let b(x) = -2*x**2 - 20*x - 17. What is b(-8)?
15
Let t(u) = 2*u - 53. What is t(6)?
-41
Let y(k) = k**3 + 8*k**2 + 2*k - 24. Calculate y(-7).
11
Let w(c) = 52*c + 473. Give w(-9).
5
Let t(y) = y**3 + 10*y**2 + 10*y + 11. Determine t(-7).
88
Let q(a) = -a**3 - 6*a**2 + a + 8. What is q(-6)?
2
Let v(d) = -d**3 - 5*d**2 - d - 1. What is v(-4)?
-13
Let k(d) = d**3 + 4*d**2 - 9*d - 12. Determine k(-5).
8
Let w(i) = -11*i + 6. What is w(1)?
-5
Let p(w) = 2*w - 12. What is p(4)?
-4
Let i(o) = -2*o - 21. Calculate i(-4).
-13
Let t(x) = 2*x**3 - x**2 - 2*x + 1. Calculate t(2).
9
Let u(l) = -l**3 - 3*l**2 + 6*l - 10. Give u(4).
-98
Let c(w) = 2*w**3 - 21*w**2 - 12*w + 9. Calculate c(11).
-2
Let k(h) = h**3 + 11*h**2 + 16*h - 21. Determine k(-9).
-3
Let y(w) = -w**3 + 3*w**2 + 3*w - 3. Calculate y(3).
6
Let b(r) = 10*r - 156. What is b(15)?
-6
Let u(q) = -q**2 - 1. Give u(5).
-26
Let b(m) = -m**2 - 11*m + 1. What is b(-9)?
19
Let z(h) = -h**2 + 5*h. What is z(5)?
0
Let s(w) = w + 3. What is s(-2)?
1
Let b(k) = -k**3 + 3*k**2 - k - 2. What is b(4)?
-22
Let q(t) = -7*t - 14. Calculate q(6).
-56
Let j(m) = m**2 + 51*m + 305. Give j(-44).
-3
Let z(m) = m**2 + 5*m - 9. Calculate z(-6).
-3
Let w(o) = -o**3 - 7*o**2 - 6*o - 1. Give w(-2).
-9
Let r(a) = 7*a + 20. What is r(-5)?
-15
Let r(j) = 11*j**2 - 7*j + 7. Determine r(1).
11
Let t(u) = -u**3 + 3*u**2 + 38*u - 12. Give t(-5).
-2
Let u(m) = m - 11. Determine u(-13).
-24
Let p(a) = 2*a + 4. Calculate p(5).
14
Let f(h) = 5*h**2 + 57*h + 35. Determine f(-11).
13
Let k(g) = g**2 + 4*g. Calculate k(-12).
96
Let x(q) = -q**3 - 12*q**2 - 33*q - 10. What is x(-8)?
-2
Let j(f) = -f**3 - 18*f**2 + 21*f + 43. Give j(-19).
5
Let o(x) = -x**3 - 10*x**2 + 4*x + 40. Give o(-10).
0
Let n(k) = -k**2 + 23*k - 13. Give n(24).
-37
Let l(c) = 27*c**2 + 2*c - 1. What is l(1)?
28
Let q(m) = m**3 - 6*m**2 + 5*m + 3. Calculate q(6).
33
Let l(f) = -6*f - 20. Calculate l(-3).
-2
Let n(h) = 38*h**3 + 2*h**2 + 2*h + 1. Determine n(-1).
-37
Let k(j) = j**2 - 5*j - 23. Determine k(8).
1
Let u(a) = 3*a - 53. Give u(23).
16
Let x(y) = -9*y - 13. Calculate x(7).
-76
Let j(z) = z + 15. What is j(-10)?
5
Let p(o) = 30*o - 55. Calculate p(-7).
-265
Let x(r) = r + 21. What is x(-16)?
5
Let t(b) = -b**2 - 7*b - 17. Determine t(-3).
-5
Let y(p) = 2*p**2 - 21*p + 7. Give y(10).
-3
Let d(g) = -9*g + 9. What is d(11)?
-90
Let c(g) = 7*g**3 + g + 4. Determine c(2).
62
Let o(x) = 2*x**3 - 5*x**2 + 9. Give o(2).
5
Let h(m) = 8*m**2 - 3*m - 1. Calculate h(-2).
37
Let y(g) = 2*g - 1. Give y(2).
3
Let q(p) = -p - 8. Calculate q(-6).
-2
Let v(z) = z**2 + 17*z + 59. Determine v(-7).
-11
Let c(o) = -o**3 - 19*o**2 - 28*o - 26. Calculate c(-18).
154
Let q(l) = -l - 1. Give q(-3).
2
Let f(d) = d**3 + 14*d**2 + 25*d - 8. Give f(-12).
-20
Let l(m) = m - 4. What is l(-4)?
-8
Let r(m) = 2*m**2 - 10*m + 3. Give r(7).
31
Let m(t) = 7*t**2 - 7*t - 23. Give m(-2).
19
Let p(g) = g**3 - 6*g**2 + 4*g + 11. What is p(5)?
6
Let h(a) = a**3 + 13*a**2 + 14*a - 1. Determine h(-12).
-25
Let a(z) = z